{"id":578,"date":"2016-01-18T14:22:00","date_gmt":"2016-01-18T13:22:00","guid":{"rendered":"http:\/\/new.sgs-sss.ch\/new\/fr\/kongresse\/"},"modified":"2023-10-30T10:16:13","modified_gmt":"2023-10-30T09:16:13","slug":"congres","status":"publish","type":"page","link":"https:\/\/www.sgs-sss.ch\/fr\/la-societe\/congres\/","title":{"rendered":"Congr\u00e8s"},"content":{"rendered":"\n<style type=\"text\/css\" data-created_by=\"avia_inline_auto\" id=\"style-css-av-av_section-fb37fa88fbca848c7e29aff3fecdfcf1\">\n.avia-section.av-av_section-fb37fa88fbca848c7e29aff3fecdfcf1{\nbackground-color:#ffffff;\nbackground-image:unset;\n}\n<\/style>\n<div id='av_section_1'  class='avia-section av-av_section-fb37fa88fbca848c7e29aff3fecdfcf1 main_color avia-section-default avia-no-shadow  avia-builder-el-0  el_before_av_section  avia-builder-el-first  avia-bg-style-scroll container_wrap fullsize'  ><div class='container av-section-cont-open' ><main  role=\"main\" itemprop=\"mainContentOfPage\"  class='template-page content  av-content-full alpha units'><div class='post-entry post-entry-type-page post-entry-578'><div class='entry-content-wrapper clearfix'>\n\n<style type=\"text\/css\" data-created_by=\"avia_inline_auto\" id=\"style-css-av-av_heading-447d5157412190e289e97fe71b303c34\">\n#top .av-special-heading.av-av_heading-447d5157412190e289e97fe71b303c34{\npadding-bottom:25px;\n}\nbody .av-special-heading.av-av_heading-447d5157412190e289e97fe71b303c34 .av-special-heading-tag .heading-char{\nfont-size:25px;\n}\n.av-special-heading.av-av_heading-447d5157412190e289e97fe71b303c34 .av-subheading{\nfont-size:15px;\n}\n<\/style>\n<div  class='av-special-heading av-av_heading-447d5157412190e289e97fe71b303c34 av-special-heading-h2  avia-builder-el-1  el_before_av_textblock  avia-builder-el-first '><h2 class='av-special-heading-tag '  itemprop=\"headline\"  >CONGR\u00c8S<\/h2><div class=\"special-heading-border\"><div class=\"special-heading-inner-border\"><\/div><\/div><\/div>\n<section  class='av_textblock_section av-av_textblock-0366cc7376be6c9e82a3e9cc8987b64f '   itemscope=\"itemscope\" itemtype=\"https:\/\/schema.org\/CreativeWork\" ><div class='avia_textblock'  itemprop=\"text\" ><p>La SSS organise r\u00e9guli\u00e8rement des congr\u00e8s th\u00e9matiques ou g\u00e9n\u00e9raux. Ceux-ci servent de lieu d\u2019\u00e9change d\u2019informations entre les diff\u00e9rents comit\u00e9s de recherche et favorisent le contact entre les sociologues de toute la Suisse.<\/p>\n<p>Une ann\u00e9e sur deux, un congr\u00e8s g\u00e9n\u00e9ral r\u00e9unit les sociologues durant deux\u00a0\u00e0 trois jours autour d\u2019un th\u00e8me f\u00e9d\u00e9rateur qui leur permet de pr\u00e9senter leurs travaux et de s\u2019informer sur les sujets les plus vari\u00e9s.<\/p>\n<p>Les ann\u00e9es sans congr\u00e8s g\u00e9n\u00e9raux, un congr\u00e8s de un \u00e0 deux jours peut \u00eatre organis\u00e9 sur un th\u00e8me plus sp\u00e9cifique, souvent pris en charge par le comit\u00e9 de recherche concern\u00e9.<\/p>\n<\/div><\/section>\n\n<\/div><\/div><\/main><!-- close content main element --><\/div><\/div>\n<style type=\"text\/css\" data-created_by=\"avia_inline_auto\" id=\"style-css-av-av_section-ce13c262319f0090d6c2b9248b2e9a3b\">\n.avia-section.av-av_section-ce13c262319f0090d6c2b9248b2e9a3b{\nbackground-color:#f5f5f5;\nbackground-image:unset;\n}\n<\/style>\n<div id='av_section_2'  class='avia-section av-av_section-ce13c262319f0090d6c2b9248b2e9a3b main_color avia-section-default avia-no-border-styling  avia-builder-el-3  el_after_av_section  el_before_av_section  avia-bg-style-scroll container_wrap fullsize'  ><div class='container av-section-cont-open' ><div class='template-page content  av-content-full alpha units'><div class='post-entry post-entry-type-page post-entry-578'><div class='entry-content-wrapper clearfix'>\n<div class='flex_column_table av-av_one_full-9f0d1d195f1cdf2019c139d02e0729ea sc-av_one_full av-equal-height-column-flextable'>\n<style type=\"text\/css\" data-created_by=\"avia_inline_auto\" id=\"style-css-av-av_one_full-9f0d1d195f1cdf2019c139d02e0729ea\">\n.flex_column.av-av_one_full-9f0d1d195f1cdf2019c139d02e0729ea{\nborder-radius:0px 0px 0px 0px;\npadding:0px 0px 0px 0px;\n}\n<\/style>\n<div  class='flex_column av-av_one_full-9f0d1d195f1cdf2019c139d02e0729ea av_one_full  avia-builder-el-4  avia-builder-el-no-sibling  first flex_column_table_cell av-equal-height-column av-align-top av-zero-column-padding  '     ><p>\n<style type=\"text\/css\" data-created_by=\"avia_inline_auto\" id=\"style-css-av-av_heading-bfd1155b875c80cd4ded76eab95ecdda\">\n#top .av-special-heading.av-av_heading-bfd1155b875c80cd4ded76eab95ecdda{\npadding-bottom:25px;\n}\nbody .av-special-heading.av-av_heading-bfd1155b875c80cd4ded76eab95ecdda .av-special-heading-tag .heading-char{\nfont-size:25px;\n}\n.av-special-heading.av-av_heading-bfd1155b875c80cd4ded76eab95ecdda .av-subheading{\nfont-size:15px;\n}\n<\/style>\n<div  class='av-special-heading av-av_heading-bfd1155b875c80cd4ded76eab95ecdda av-special-heading-h3  avia-builder-el-5  el_before_av_textblock  avia-builder-el-first '><h3 class='av-special-heading-tag '  itemprop=\"headline\"  >Historique des congr\u00e8s g\u00e9n\u00e9raux<\/h3><div class=\"special-heading-border\"><div class=\"special-heading-inner-border\"><\/div><\/div><\/div><br \/>\n<section  class='av_textblock_section av-av_textblock-0366cc7376be6c9e82a3e9cc8987b64f '   itemscope=\"itemscope\" itemtype=\"https:\/\/schema.org\/CreativeWork\" ><div class='avia_textblock'  itemprop=\"text\" ><ul>\n<li>2021: Gen\u00e8ve, <a href=\"https:\/\/www.sgs-sss.ch\/fr\/la-societe\/congres\/congres-2021-a-geneve\/#toggle-id-3\">\u00ab\u00a0Social Justice in Times of Uncertainty\u00a0\u00bb<\/a><\/li>\n<li>2019: Neuch\u00e2tel: <a href=\"https:\/\/www.unine.ch\/socio\/home\/manifestations-et-prix\/congress-ssasgssss-2019.html\">\u00abLe futur du travail\u00bb<\/a><\/li>\n<li>2017 : Zurich, <a href=\"http:\/\/www.sgs-kongress2017.uzh.ch\/fr.html\">\u00ab\u00a0Bien commun et int\u00e9r\u00eat(s) individuel(s)\u00a0\u00bb<\/a><\/li>\n<li>2015: Lausanne, <a href=\"https:\/\/www.sgs-sss.ch\/en\/the-association\/congress\/sgs-kongress-2015-in-lausanne\/\">\u00ab Dynamiques collectives, (d\u00e9)r\u00e9gulations sociales et espaces publics\u00a0\u00bb<\/a>.<\/li>\n<li>2013: Berne, <a href=\"https:\/\/www.sgs-sss.ch\/en\/the-association\/congress\/sss-congress-2013-in-bern\/\">\u00ab In\u00e9galit\u00e9s et Int\u00e9gration sociale face \u00e0 la crise\u00a0\u00bb<\/a>.<\/li>\n<li>2011: Gen\u00e8ve, <a href=\"https:\/\/www.sgs-sss.ch\/en\/the-association\/congress\/sss-congress-2011-in-geneva\/\">\u00ab Democracy in Turbulent Times\u00a0\u00bb<\/a>.<\/li>\n<li>2009: Gen\u00e8ve, <a href=\"https:\/\/www.sgs-sss.ch\/en\/the-association\/congress\/sss-congress-2009-in-geneva\/\">\u00ab Identit\u00e9 et transformations des modes de vie\u00a0\u00bb<\/a>.<\/li>\n<li>2007: B\u00e2le, \u00ab Guerre \u00bb.<\/li>\n<li>2005: Saint-Gall,\u00a0\u00ab Le Sonderfall Suisse \u00bb,\u00a0congr\u00e8s c\u00e9l\u00e9brant le 50\u00e8me anniversaire de la SSS.<\/li>\n<li>2003: Zurich, \u00ab Splendeur et mis\u00e8re du n\u00e9olib\u00e9ralisme \u00bb.<\/li>\n<li>2001: Gen\u00e8ve, \u00ab Th\u00e9ories et interventions \u00bb.<\/li>\n<li>1998: Fribourg en Brisgau, \u00ab Soci\u00e9t\u00e9 sans fronti\u00e8re \u00bb, un congr\u00e8s r\u00e9unissant les soci\u00e9t\u00e9s de sociologie de trois pays, l&rsquo;Allemagne, l&rsquo;Autriche et la Suisse.<\/li>\n<li>1995: Berne, \u00ab Soci\u00e9t\u00e9s en construction, identit\u00e9s, conflits, diff\u00e9rences \u00bb.<\/li>\n<\/ul>\n<\/div><\/section><\/p><\/div><\/div><!--close column table wrapper. Autoclose: 1 --><\/div><\/div><\/div><!-- close content main div --><\/div><\/div>\n<style type=\"text\/css\" data-created_by=\"avia_inline_auto\" id=\"style-css-av-av_section-31ce7de6df4c0bc175c089a641e79f7f\">\n.avia-section.av-av_section-31ce7de6df4c0bc175c089a641e79f7f{\nbackground-color:#ffffff;\nbackground-image:unset;\n}\n<\/style>\n<div id='av_section_3'  class='avia-section av-av_section-31ce7de6df4c0bc175c089a641e79f7f main_color avia-section-default avia-no-border-styling  avia-builder-el-7  el_after_av_section  avia-builder-el-last  avia-bg-style-scroll container_wrap fullsize'  ><div class='container av-section-cont-open' ><div class='template-page content  av-content-full alpha units'><div class='post-entry post-entry-type-page post-entry-578'><div class='entry-content-wrapper clearfix'>\n<div class='flex_column_table av-av_one_full-34b340db171d475ce2df51403dccfcc9 sc-av_one_full av-equal-height-column-flextable'>\n<style type=\"text\/css\" data-created_by=\"avia_inline_auto\" id=\"style-css-av-av_one_full-34b340db171d475ce2df51403dccfcc9\">\n.flex_column.av-av_one_full-34b340db171d475ce2df51403dccfcc9{\nborder-radius:0px 0px 0px 0px;\npadding:0px 0px 0px 0px;\n}\n<\/style>\n<div  class='flex_column av-av_one_full-34b340db171d475ce2df51403dccfcc9 av_one_full  avia-builder-el-8  avia-builder-el-no-sibling  first no_margin flex_column_table_cell av-equal-height-column av-align-top av-zero-column-padding  '     ><p>\n<style type=\"text\/css\" data-created_by=\"avia_inline_auto\" id=\"style-css-av-av_heading-eb8ed84d58a617832e89b90ac2e6e9bb\">\n#top .av-special-heading.av-av_heading-eb8ed84d58a617832e89b90ac2e6e9bb{\npadding-bottom:25px;\n}\nbody .av-special-heading.av-av_heading-eb8ed84d58a617832e89b90ac2e6e9bb .av-special-heading-tag .heading-char{\nfont-size:25px;\n}\n.av-special-heading.av-av_heading-eb8ed84d58a617832e89b90ac2e6e9bb .av-subheading{\nfont-size:15px;\n}\n<\/style>\n<div  class='av-special-heading av-av_heading-eb8ed84d58a617832e89b90ac2e6e9bb av-special-heading-h3  avia-builder-el-9  el_before_av_textblock  avia-builder-el-first '><h3 class='av-special-heading-tag '  itemprop=\"headline\"  >Historique des congr\u00e8s th\u00e9matiques<\/h3><div class=\"special-heading-border\"><div class=\"special-heading-inner-border\"><\/div><\/div><\/div><br \/>\n<section  class='av_textblock_section av-av_textblock-0366cc7376be6c9e82a3e9cc8987b64f '   itemscope=\"itemscope\" itemtype=\"https:\/\/schema.org\/CreativeWork\" ><div class='avia_textblock'  itemprop=\"text\" ><ul>\n<li>2011: Innsbruck, \u00a0\u00ab Neuer Strukturwandel der Oeffentlichkeit\u00a0\u00bb, rencontre des sociologues de langue allemande (Dreil\u00e4nderkongress).<\/li>\n<li>2008, Neuch\u00e2tel, \u00ab Inequality beyond globalization. Economic changes and dynamics of inequality\u00a0\u00bb, en collaboration avec l&rsquo;International Sociological Association (ISA).<\/li>\n<li>2006: Fribourg, \u00ab Les liens entre activit\u00e9 professionnelle et pauvret\u00e9 \u00bb.<\/li>\n<li>2004: Fribourg, \u00abL&rsquo;\u00e9rosion et la transformation de l&rsquo;Etat providence \u00bb.<\/li>\n<li>2002: Saint-Gall, \u00ab L&rsquo;ethnographie de l&rsquo;organisation \u00bb.<\/li>\n<li>1999: Fribourg, \u00ab Les sociologies interpr\u00e9tatives \u00bb.<\/li>\n<li>1997: Berne, \u00ab La recherche \u00e9tudes-genres \u00bb.<\/li>\n<li>1996: Saint-Gall, \u00ab La sociologie de la sant\u00e9 \u00bb.<\/li>\n<li>1994: Zurich, \u00ab Le sport \u00bb.<\/li>\n<li>1993: Berne, \u00ab La migration \u00bb.<\/li>\n<li>1992: Lausanne,\u00a0\u00ab La d\u00e9viance \u00bb.<\/li>\n<\/ul>\n<\/div><\/section><\/p><\/div><\/div><!--close column table wrapper. Autoclose: 1 -->\n<\/p>\n","protected":false},"excerpt":{"rendered":"","protected":false},"author":1,"featured_media":0,"parent":588,"menu_order":2,"comment_status":"closed","ping_status":"closed","template":"","meta":{"footnotes":""},"class_list":["post-578","page","type-page","status-publish","hentry"],"_links":{"self":[{"href":"https:\/\/www.sgs-sss.ch\/fr\/wp-json\/wp\/v2\/pages\/578","targetHints":{"allow":["GET"]}}],"collection":[{"href":"https:\/\/www.sgs-sss.ch\/fr\/wp-json\/wp\/v2\/pages"}],"about":[{"href":"https:\/\/www.sgs-sss.ch\/fr\/wp-json\/wp\/v2\/types\/page"}],"author":[{"embeddable":true,"href":"https:\/\/www.sgs-sss.ch\/fr\/wp-json\/wp\/v2\/users\/1"}],"replies":[{"embeddable":true,"href":"https:\/\/www.sgs-sss.ch\/fr\/wp-json\/wp\/v2\/comments?post=578"}],"version-history":[{"count":21,"href":"https:\/\/www.sgs-sss.ch\/fr\/wp-json\/wp\/v2\/pages\/578\/revisions"}],"predecessor-version":[{"id":19862,"href":"https:\/\/www.sgs-sss.ch\/fr\/wp-json\/wp\/v2\/pages\/578\/revisions\/19862"}],"up":[{"embeddable":true,"href":"https:\/\/www.sgs-sss.ch\/fr\/wp-json\/wp\/v2\/pages\/588"}],"wp:attachment":[{"href":"https:\/\/www.sgs-sss.ch\/fr\/wp-json\/wp\/v2\/media?parent=578"}],"curies":[{"name":"wp","href":"https:\/\/api.w.org\/{rel}","templated":true}]}}

Congrès

<style type="text/css" data-created_by="avia_inline_auto" id="style-css-av-av_section-fb37fa88fbca848c7e29aff3fecdfcf1">
.avia-section.av-av_section-fb37fa88fbca848c7e29aff3fecdfcf1{
background-color:#ffffff;
background-image:unset;
}
</style>
<div id='av_section_1'  class='avia-section av-av_section-fb37fa88fbca848c7e29aff3fecdfcf1 main_color avia-section-default avia-no-shadow  avia-builder-el-0  el_before_av_section  avia-builder-el-first  avia-bg-style-scroll container_wrap fullsize'  ><div class='container av-section-cont-open' ><main  role="main" itemprop="mainContentOfPage"  class='template-page content  av-content-full alpha units'><div class='post-entry post-entry-type-page post-entry-578'><div class='entry-content-wrapper clearfix'>

<style type="text/css" data-created_by="avia_inline_auto" id="style-css-av-av_heading-447d5157412190e289e97fe71b303c34">
#top .av-special-heading.av-av_heading-447d5157412190e289e97fe71b303c34{
padding-bottom:25px;
}
body .av-special-heading.av-av_heading-447d5157412190e289e97fe71b303c34 .av-special-heading-tag .heading-char{
font-size:25px;
}
.av-special-heading.av-av_heading-447d5157412190e289e97fe71b303c34 .av-subheading{
font-size:15px;
}
</style>
<div  class='av-special-heading av-av_heading-447d5157412190e289e97fe71b303c34 av-special-heading-h2  avia-builder-el-1  el_before_av_textblock  avia-builder-el-first '><h2 class='av-special-heading-tag '  itemprop="headline"  >CONGRÈS</h2><div class="special-heading-border"><div class="special-heading-inner-border"></div></div></div>
<section  class='av_textblock_section av-av_textblock-0366cc7376be6c9e82a3e9cc8987b64f '   itemscope="itemscope" itemtype="https://schema.org/CreativeWork" ><div class='avia_textblock'  itemprop="text" ><p>La SSS organise régulièrement des congrès thématiques ou généraux. Ceux-ci servent de lieu d’échange d’informations entre les différents comités de recherche et favorisent le contact entre les sociologues de toute la Suisse.</p>
<p>Une année sur deux, un congrès général réunit les sociologues durant deux à trois jours autour d’un thème fédérateur qui leur permet de présenter leurs travaux et de s’informer sur les sujets les plus variés.</p>
<p>Les années sans congrès généraux, un congrès de un à deux jours peut être organisé sur un thème plus spécifique, souvent pris en charge par le comité de recherche concerné.</p>
</div></section>

</div></div></main><!-- close content main element --></div></div>
<style type="text/css" data-created_by="avia_inline_auto" id="style-css-av-av_section-ce13c262319f0090d6c2b9248b2e9a3b">
.avia-section.av-av_section-ce13c262319f0090d6c2b9248b2e9a3b{
background-color:#f5f5f5;
background-image:unset;
}
</style>
<div id='av_section_2'  class='avia-section av-av_section-ce13c262319f0090d6c2b9248b2e9a3b main_color avia-section-default avia-no-border-styling  avia-builder-el-3  el_after_av_section  el_before_av_section  avia-bg-style-scroll container_wrap fullsize'  ><div class='container av-section-cont-open' ><div class='template-page content  av-content-full alpha units'><div class='post-entry post-entry-type-page post-entry-578'><div class='entry-content-wrapper clearfix'>
<div class='flex_column_table av-av_one_full-9f0d1d195f1cdf2019c139d02e0729ea sc-av_one_full av-equal-height-column-flextable'>
<style type="text/css" data-created_by="avia_inline_auto" id="style-css-av-av_one_full-9f0d1d195f1cdf2019c139d02e0729ea">
.flex_column.av-av_one_full-9f0d1d195f1cdf2019c139d02e0729ea{
border-radius:0px 0px 0px 0px;
padding:0px 0px 0px 0px;
}
</style>
<div  class='flex_column av-av_one_full-9f0d1d195f1cdf2019c139d02e0729ea av_one_full  avia-builder-el-4  avia-builder-el-no-sibling  first flex_column_table_cell av-equal-height-column av-align-top av-zero-column-padding  '     ><p>
<style type="text/css" data-created_by="avia_inline_auto" id="style-css-av-av_heading-bfd1155b875c80cd4ded76eab95ecdda">
#top .av-special-heading.av-av_heading-bfd1155b875c80cd4ded76eab95ecdda{
padding-bottom:25px;
}
body .av-special-heading.av-av_heading-bfd1155b875c80cd4ded76eab95ecdda .av-special-heading-tag .heading-char{
font-size:25px;
}
.av-special-heading.av-av_heading-bfd1155b875c80cd4ded76eab95ecdda .av-subheading{
font-size:15px;
}
</style>
<div  class='av-special-heading av-av_heading-bfd1155b875c80cd4ded76eab95ecdda av-special-heading-h3  avia-builder-el-5  el_before_av_textblock  avia-builder-el-first '><h3 class='av-special-heading-tag '  itemprop="headline"  >Historique des congrès généraux</h3><div class="special-heading-border"><div class="special-heading-inner-border"></div></div></div><br />
<section  class='av_textblock_section av-av_textblock-0366cc7376be6c9e82a3e9cc8987b64f '   itemscope="itemscope" itemtype="https://schema.org/CreativeWork" ><div class='avia_textblock'  itemprop="text" ><ul>
<li>2021: Genève, <a href="https://www.sgs-sss.ch/fr/la-societe/congres/congres-2021-a-geneve/#toggle-id-3">« Social Justice in Times of Uncertainty »</a></li>
<li>2019: Neuchâtel: <a href="https://www.unine.ch/socio/home/manifestations-et-prix/congress-ssasgssss-2019.html">«Le futur du travail»</a></li>
<li>2017 : Zurich, <a href="http://www.sgs-kongress2017.uzh.ch/fr.html">« Bien commun et intérêt(s) individuel(s) »</a></li>
<li>2015: Lausanne, <a href="https://www.sgs-sss.ch/en/the-association/congress/sgs-kongress-2015-in-lausanne/">« Dynamiques collectives, (dé)régulations sociales et espaces publics »</a>.</li>
<li>2013: Berne, <a href="https://www.sgs-sss.ch/en/the-association/congress/sss-congress-2013-in-bern/">« Inégalités et Intégration sociale face à la crise »</a>.</li>
<li>2011: Genève, <a href="https://www.sgs-sss.ch/en/the-association/congress/sss-congress-2011-in-geneva/">« Democracy in Turbulent Times »</a>.</li>
<li>2009: Genève, <a href="https://www.sgs-sss.ch/en/the-association/congress/sss-congress-2009-in-geneva/">« Identité et transformations des modes de vie »</a>.</li>
<li>2007: Bâle, « Guerre ».</li>
<li>2005: Saint-Gall, « Le Sonderfall Suisse », congrès célébrant le 50ème anniversaire de la SSS.</li>
<li>2003: Zurich, « Splendeur et misère du néolibéralisme ».</li>
<li>2001: Genève, « Théories et interventions ».</li>
<li>1998: Fribourg en Brisgau, « Société sans frontière », un congrès réunissant les sociétés de sociologie de trois pays, l&rsquo;Allemagne, l&rsquo;Autriche et la Suisse.</li>
<li>1995: Berne, « Sociétés en construction, identités, conflits, différences ».</li>
</ul>
</div></section></p></div></div><!--close column table wrapper. Autoclose: 1 --></div></div></div><!-- close content main div --></div></div>
<style type="text/css" data-created_by="avia_inline_auto" id="style-css-av-av_section-31ce7de6df4c0bc175c089a641e79f7f">
.avia-section.av-av_section-31ce7de6df4c0bc175c089a641e79f7f{
background-color:#ffffff;
background-image:unset;
}
</style>
<div id='av_section_3'  class='avia-section av-av_section-31ce7de6df4c0bc175c089a641e79f7f main_color avia-section-default avia-no-border-styling  avia-builder-el-7  el_after_av_section  avia-builder-el-last  avia-bg-style-scroll container_wrap fullsize'  ><div class='container av-section-cont-open' ><div class='template-page content  av-content-full alpha units'><div class='post-entry post-entry-type-page post-entry-578'><div class='entry-content-wrapper clearfix'>
<div class='flex_column_table av-av_one_full-34b340db171d475ce2df51403dccfcc9 sc-av_one_full av-equal-height-column-flextable'>
<style type="text/css" data-created_by="avia_inline_auto" id="style-css-av-av_one_full-34b340db171d475ce2df51403dccfcc9">
.flex_column.av-av_one_full-34b340db171d475ce2df51403dccfcc9{
border-radius:0px 0px 0px 0px;
padding:0px 0px 0px 0px;
}
</style>
<div  class='flex_column av-av_one_full-34b340db171d475ce2df51403dccfcc9 av_one_full  avia-builder-el-8  avia-builder-el-no-sibling  first no_margin flex_column_table_cell av-equal-height-column av-align-top av-zero-column-padding  '     ><p>
<style type="text/css" data-created_by="avia_inline_auto" id="style-css-av-av_heading-eb8ed84d58a617832e89b90ac2e6e9bb">
#top .av-special-heading.av-av_heading-eb8ed84d58a617832e89b90ac2e6e9bb{
padding-bottom:25px;
}
body .av-special-heading.av-av_heading-eb8ed84d58a617832e89b90ac2e6e9bb .av-special-heading-tag .heading-char{
font-size:25px;
}
.av-special-heading.av-av_heading-eb8ed84d58a617832e89b90ac2e6e9bb .av-subheading{
font-size:15px;
}
</style>
<div  class='av-special-heading av-av_heading-eb8ed84d58a617832e89b90ac2e6e9bb av-special-heading-h3  avia-builder-el-9  el_before_av_textblock  avia-builder-el-first '><h3 class='av-special-heading-tag '  itemprop="headline"  >Historique des congrès thématiques</h3><div class="special-heading-border"><div class="special-heading-inner-border"></div></div></div><br />
<section  class='av_textblock_section av-av_textblock-0366cc7376be6c9e82a3e9cc8987b64f '   itemscope="itemscope" itemtype="https://schema.org/CreativeWork" ><div class='avia_textblock'  itemprop="text" ><ul>
<li>2011: Innsbruck,  « Neuer Strukturwandel der Oeffentlichkeit », rencontre des sociologues de langue allemande (Dreiländerkongress).</li>
<li>2008, Neuchâtel, « Inequality beyond globalization. Economic changes and dynamics of inequality », en collaboration avec l&rsquo;International Sociological Association (ISA).</li>
<li>2006: Fribourg, « Les liens entre activité professionnelle et pauvreté ».</li>
<li>2004: Fribourg, «L&rsquo;érosion et la transformation de l&rsquo;Etat providence ».</li>
<li>2002: Saint-Gall, « L&rsquo;ethnographie de l&rsquo;organisation ».</li>
<li>1999: Fribourg, « Les sociologies interprétatives ».</li>
<li>1997: Berne, « La recherche études-genres ».</li>
<li>1996: Saint-Gall, « La sociologie de la santé ».</li>
<li>1994: Zurich, « Le sport ».</li>
<li>1993: Berne, « La migration ».</li>
<li>1992: Lausanne, « La déviance ».</li>
</ul>
</div></section></p></div></div><!--close column table wrapper. Autoclose: 1 -->
</p>
