{"id":652,"date":"2016-02-11T20:36:35","date_gmt":"2016-02-11T19:36:35","guid":{"rendered":"http:\/\/new.sgs-sss.ch\/new\/fr\/sportsoziologie\/"},"modified":"2019-09-28T18:52:58","modified_gmt":"2019-09-28T16:52:58","slug":"sociologie-des-sports","status":"publish","type":"page","link":"https:\/\/www.sgs-sss.ch\/fr\/comites-de-recherche\/sociologie-des-sports\/","title":{"rendered":"Sociologie des sports"},"content":{"rendered":"\n<style type=\"text\/css\" data-created_by=\"avia_inline_auto\" id=\"style-css-av-av_section-fb37fa88fbca848c7e29aff3fecdfcf1\">\n.avia-section.av-av_section-fb37fa88fbca848c7e29aff3fecdfcf1{\nbackground-color:#ffffff;\nbackground-image:unset;\n}\n<\/style>\n<div id='av_section_1'  class='avia-section av-av_section-fb37fa88fbca848c7e29aff3fecdfcf1 main_color avia-section-default avia-no-shadow  avia-builder-el-0  avia-builder-el-no-sibling  avia-bg-style-scroll container_wrap fullsize'  ><div class='container av-section-cont-open' ><main  role=\"main\" itemprop=\"mainContentOfPage\"  class='template-page content  av-content-full alpha units'><div class='post-entry post-entry-type-page post-entry-652'><div class='entry-content-wrapper clearfix'>\n\n<style type=\"text\/css\" data-created_by=\"avia_inline_auto\" id=\"style-css-av-av_heading-c6539c76096f03639aad52ed88d0055a\">\n#top .av-special-heading.av-av_heading-c6539c76096f03639aad52ed88d0055a{\npadding-bottom:25px;\n}\nbody .av-special-heading.av-av_heading-c6539c76096f03639aad52ed88d0055a .av-special-heading-tag .heading-char{\nfont-size:25px;\n}\n.av-special-heading.av-av_heading-c6539c76096f03639aad52ed88d0055a .av-subheading{\nfont-size:15px;\n}\n<\/style>\n<div  class='av-special-heading av-av_heading-c6539c76096f03639aad52ed88d0055a av-special-heading-h2  avia-builder-el-1  el_before_av_one_full  avia-builder-el-first '><h2 class='av-special-heading-tag '  itemprop=\"headline\"  >SOCIOLOGIE DES SPORTS<\/h2><div class=\"special-heading-border\"><div class=\"special-heading-inner-border\"><\/div><\/div><\/div>\n<div class='flex_column_table av-av_one_full-637497d8078788bf7892f1875f6d3165 sc-av_one_full av-equal-height-column-flextable'>\n<style type=\"text\/css\" data-created_by=\"avia_inline_auto\" id=\"style-css-av-av_one_full-637497d8078788bf7892f1875f6d3165\">\n.flex_column.av-av_one_full-637497d8078788bf7892f1875f6d3165{\nborder-radius:0px 0px 0px 0px;\npadding:20px 20px 20px 20px;\n}\n<\/style>\n<div  class='flex_column av-av_one_full-637497d8078788bf7892f1875f6d3165 av_one_full  avia-builder-el-2  el_after_av_heading  avia-builder-el-last  first no_margin flex_column_table_cell av-equal-height-column av-align-top  '     ><section  class='av_textblock_section av-av_textblock-0366cc7376be6c9e82a3e9cc8987b64f '   itemscope=\"itemscope\" itemtype=\"https:\/\/schema.org\/CreativeWork\" ><div class='avia_textblock'  itemprop=\"text\" ><blockquote>\n<h3><strong>Portrait <\/strong><\/h3>\n<p>Le sport fait aujourd\u2019hui partie int\u00e9grante de notre soci\u00e9t\u00e9. Environ trois quarts de la population r\u00e9sidante en Suisse pratiquent un sport, et quatre cinqui\u00e8mes suivent les actualit\u00e9s sportives dans les m\u00e9dias. Synonyme de mouvement, de plaisir, de sociabilit\u00e9 et de divertissement, le sport renvoie aussi aux styles de vie, aux rites, au march\u00e9 et aux affaires. En Suisse, le secteur du sport r\u00e9alise un chiffre d\u2019affaires global de 15 milliards de francs et une valeur ajout\u00e9e brute de 8 milliards. L\u2019int\u00e9r\u00eat que la sociologie porte aujourd\u2019hui au sport est le corollaire de ce d\u00e9veloppement.<\/p>\n<\/blockquote>\n<\/div><\/section><br \/>\n\n<style type=\"text\/css\" data-created_by=\"avia_inline_auto\" id=\"style-css-av-av_hr-bd84104f09c397338597807ab31c6aca\">\n#top .hr.hr-invisible.av-av_hr-bd84104f09c397338597807ab31c6aca{\nheight:15px;\n}\n<\/style>\n<div  class='hr av-av_hr-bd84104f09c397338597807ab31c6aca hr-invisible  avia-builder-el-4  el_after_av_textblock  el_before_av_toggle_container '><span class='hr-inner '><span class=\"hr-inner-style\"><\/span><\/span><\/div><br \/>\n<div  class='togglecontainer av-av_toggle_container-1c5f05ce43bbf21457da42746a25c01a  avia-builder-el-5  el_after_av_hr  avia-builder-el-last ' >\n<section class='av_toggle_section av-av_toggle-3f1e50b6d9d2a2fa76c42c9b403e52c1'  itemscope=\"itemscope\" itemtype=\"https:\/\/schema.org\/CreativeWork\" ><div role=\"tablist\" class=\"single_toggle\" data-tags=\"{Tout} \"  ><p id='toggle-toggle-id-1' data-fake-id='#toggle-id-1' class='toggler  activeTitle av-title-above '  itemprop=\"headline\"  role='tab' tabindex='0' aria-controls='toggle-id-1' data-slide-speed=\"200\" data-title=\"Comit\u00e9 de recherche Sociologie des Sports\" data-title-open=\"\" data-aria_collapsed=\"Cliquez pour \u00e9tendre : Comit\u00e9 de recherche Sociologie des Sports\" data-aria_expanded=\"Cliquez pour r\u00e9duire : Comit\u00e9 de recherche Sociologie des Sports\">Comit\u00e9 de recherche Sociologie des Sports<span class=\"toggle_icon\"><span class=\"vert_icon\"><\/span><span class=\"hor_icon\"><\/span><\/span><\/p><div id='toggle-id-1' aria-labelledby='toggle-toggle-id-1' role='region' class='toggle_wrap  active_tc av-title-above' style='display:block;' ><div class='toggle_content invers-color '  itemprop=\"text\" ><p>Lieu d\u2019\u00e9changes, le Comit\u00e9 de recherche Sociologie des sports est un r\u00e9seau de chercheurs en sciences sociales qui s\u2019int\u00e9ressent \u00e0 divers titres aux conditions d\u2019\u00e9mergence et de production du sport ainsi qu\u2019\u00e0 ses effets sociaux. Il vise \u00e0 promouvoir la recherche sociologique dans ce domaine en Suisse. A cette fin, il organise des colloques et des rencontres informelles et diffuse semestriellement un bulletin d\u2019information. Afin de favoriser les \u00e9changes et faciliter les coop\u00e9rations, il tient en outre un fichier dans lequel il recense les p\u00f4les d\u2019int\u00e9r\u00eats et les domaines d\u2019activit\u00e9s de ses membres.<\/p>\n<\/div><\/div><\/div><\/section>\n<section class='av_toggle_section av-av_toggle-ad33326257006fd98c1b46da5068ddc2'  itemscope=\"itemscope\" itemtype=\"https:\/\/schema.org\/CreativeWork\" ><div role=\"tablist\" class=\"single_toggle\" data-tags=\"{Tout} \"  ><p id='toggle-toggle-id-2' data-fake-id='#toggle-id-2' class='toggler  av-title-above '  itemprop=\"headline\"  role='tab' tabindex='0' aria-controls='toggle-id-2' data-slide-speed=\"200\" data-title=\"Adh\u00e9sion \" data-title-open=\"\" data-aria_collapsed=\"Cliquez pour \u00e9tendre : Adh\u00e9sion \" data-aria_expanded=\"Cliquez pour r\u00e9duire : Adh\u00e9sion \">Adh\u00e9sion <span class=\"toggle_icon\"><span class=\"vert_icon\"><\/span><span class=\"hor_icon\"><\/span><\/span><\/p><div id='toggle-id-2' aria-labelledby='toggle-toggle-id-2' role='region' class='toggle_wrap  av-title-above'  ><div class='toggle_content invers-color '  itemprop=\"text\" ><p>L\u2019adh\u00e9sion au Comit\u00e9 de recherche Sociologie des sports est gratuite. Cependant, une inscription \u00e0 la Soci\u00e9t\u00e9 Suisse de Sociologie (SSS) est vivement souhait\u00e9e.<\/p>\n<\/div><\/div><\/div><\/section>\n<section class='av_toggle_section av-av_toggle-50b4aca28ac80b3c896cc5dde0ff0add'  itemscope=\"itemscope\" itemtype=\"https:\/\/schema.org\/CreativeWork\" ><div role=\"tablist\" class=\"single_toggle\" data-tags=\"{Tout} \"  ><p id='toggle-toggle-id-3' data-fake-id='#toggle-id-3' class='toggler  av-title-above '  itemprop=\"headline\"  role='tab' tabindex='0' aria-controls='toggle-id-3' data-slide-speed=\"200\" data-title=\" Date de fondation \" data-title-open=\"\" data-aria_collapsed=\"Cliquez pour \u00e9tendre :  Date de fondation \" data-aria_expanded=\"Cliquez pour r\u00e9duire :  Date de fondation \"> Date de fondation <span class=\"toggle_icon\"><span class=\"vert_icon\"><\/span><span class=\"hor_icon\"><\/span><\/span><\/p><div id='toggle-id-3' aria-labelledby='toggle-toggle-id-3' role='region' class='toggle_wrap  av-title-above'  ><div class='toggle_content invers-color '  itemprop=\"text\" ><p>10 janvier 1992<\/p>\n<\/div><\/div><\/div><\/section>\n<section class='av_toggle_section av-av_toggle-d7b8c4dcdc86c2d17cf1263202228387'  itemscope=\"itemscope\" itemtype=\"https:\/\/schema.org\/CreativeWork\" ><div role=\"tablist\" class=\"single_toggle\" data-tags=\"{Tout} \"  ><p id='toggle-toggle-id-4' data-fake-id='#toggle-id-4' class='toggler  av-title-above '  itemprop=\"headline\"  role='tab' tabindex='0' aria-controls='toggle-id-4' data-slide-speed=\"200\" data-title=\"Membres\" data-title-open=\"\" data-aria_collapsed=\"Cliquez pour \u00e9tendre : Membres\" data-aria_expanded=\"Cliquez pour r\u00e9duire : Membres\">Membres<span class=\"toggle_icon\"><span class=\"vert_icon\"><\/span><span class=\"hor_icon\"><\/span><\/span><\/p><div id='toggle-id-4' aria-labelledby='toggle-toggle-id-4' role='region' class='toggle_wrap  av-title-above'  ><div class='toggle_content invers-color '  itemprop=\"text\" ><p>35<\/p>\n<\/div><\/div><\/div><\/section>\n<section class='av_toggle_section av-av_toggle-b62d78d4de250171d74d64dd8b153a1c'  itemscope=\"itemscope\" itemtype=\"https:\/\/schema.org\/CreativeWork\" ><div role=\"tablist\" class=\"single_toggle\" data-tags=\"{Tout} \"  ><p id='toggle-toggle-id-5' data-fake-id='#toggle-id-5' class='toggler  av-title-above '  itemprop=\"headline\"  role='tab' tabindex='0' aria-controls='toggle-id-5' data-slide-speed=\"200\" data-title=\" Structure formelle\" data-title-open=\"\" data-aria_collapsed=\"Cliquez pour \u00e9tendre :  Structure formelle\" data-aria_expanded=\"Cliquez pour r\u00e9duire :  Structure formelle\"> Structure formelle<span class=\"toggle_icon\"><span class=\"vert_icon\"><\/span><span class=\"hor_icon\"><\/span><\/span><\/p><div id='toggle-id-5' aria-labelledby='toggle-toggle-id-5' role='region' class='toggle_wrap  av-title-above'  ><div class='toggle_content invers-color '  itemprop=\"text\" ><p>Markus Lamprecht officie en tant que coordinateur pour la Suisse al\u00e9manique, Monica Aceti pour la Suisse latine. Il n\u2019existe pas d\u2019autre structure formelle.<\/p>\n<\/div><\/div><\/div><\/section>\n<section class='av_toggle_section av-av_toggle-1bfdc42a6fcc39f8e9b9dcd562d131f9'  itemscope=\"itemscope\" itemtype=\"https:\/\/schema.org\/CreativeWork\" ><div role=\"tablist\" class=\"single_toggle\" data-tags=\"{Tout} \"  ><p id='toggle-toggle-id-6' data-fake-id='#toggle-id-6' class='toggler  av-title-above '  itemprop=\"headline\"  role='tab' tabindex='0' aria-controls='toggle-id-6' data-slide-speed=\"200\" data-title=\" Coop\u00e9rations avec d\u2019autres organismes de recherche\" data-title-open=\"\" data-aria_collapsed=\"Cliquez pour \u00e9tendre :  Coop\u00e9rations avec d\u2019autres organismes de recherche\" data-aria_expanded=\"Cliquez pour r\u00e9duire :  Coop\u00e9rations avec d\u2019autres organismes de recherche\"> Coop\u00e9rations avec d\u2019autres organismes de recherche<span class=\"toggle_icon\"><span class=\"vert_icon\"><\/span><span class=\"hor_icon\"><\/span><\/span><\/p><div id='toggle-id-6' aria-labelledby='toggle-toggle-id-6' role='region' class='toggle_wrap  av-title-above'  ><div class='toggle_content invers-color '  itemprop=\"text\" ><p>Il existe des liens personnels \u00e9troits avec la Soci\u00e9t\u00e9 suisse des sciences du sport (4S), la Soci\u00e9t\u00e9 de sociologie du sport de langue fran\u00e7aise (3SLF), le Groupe de travail \u00ab sport \u00bb de l\u2019Association internationale de sociologie de langue fran\u00e7aise (AISLF), l\u2019Association internationale de sociologie du sport (ISSA\/AISS) et la European Association for Sociology of Sport (EASS).<\/p>\n<\/div><\/div><\/div><\/section>\n<section class='av_toggle_section av-av_toggle-c25c036bfe9b105c10d147349529483e'  itemscope=\"itemscope\" itemtype=\"https:\/\/schema.org\/CreativeWork\" ><div role=\"tablist\" class=\"single_toggle\" data-tags=\"{Tout} \"  ><p id='toggle-toggle-id-7' data-fake-id='#toggle-id-7' class='toggler  av-title-above '  itemprop=\"headline\"  role='tab' tabindex='0' aria-controls='toggle-id-7' data-slide-speed=\"200\" data-title=\"Interlocuteurs\" data-title-open=\"\" data-aria_collapsed=\"Cliquez pour \u00e9tendre : Interlocuteurs\" data-aria_expanded=\"Cliquez pour r\u00e9duire : Interlocuteurs\">Interlocuteurs<span class=\"toggle_icon\"><span class=\"vert_icon\"><\/span><span class=\"hor_icon\"><\/span><\/span><\/p><div id='toggle-id-7' aria-labelledby='toggle-toggle-id-7' role='region' class='toggle_wrap  av-title-above'  ><div class='toggle_content invers-color '  itemprop=\"text\" ><p><strong> Markus Lamprecht<\/strong><br \/>\nL&amp;S Sozialforschung und Beratung<br \/>\nForchstrasse 212<br \/>\n8032 Z\u00fcrich<br \/>\nT\u00e9l. 044-260 67 60<br \/>\nFax 044-260 67 61<\/p>\n<p><strong>Monica Aceti<br \/>\n<\/strong>Universit\u00e9 de Fribourg<br \/>\nUnit\u00e9 des sciences du mouvement et du sport<br \/>\nBd de P\u00e9rolles 90<br \/>\nCH-1700 Fribourg<br \/>\nTel. +41 78 751 39 31<\/p>\n<p><a href=\"mailto:sports@sgs-sss.ch\">sports@sgs-sss.ch<\/a><\/p>\n<\/div><\/div><\/div><\/section>\n<\/div><\/p><\/div><\/div><!--close column table wrapper. Autoclose: 1 -->\n","protected":false},"excerpt":{"rendered":"","protected":false},"author":1,"featured_media":0,"parent":655,"menu_order":0,"comment_status":"closed","ping_status":"closed","template":"","meta":{"footnotes":""},"class_list":["post-652","page","type-page","status-publish","hentry"],"_links":{"self":[{"href":"https:\/\/www.sgs-sss.ch\/fr\/wp-json\/wp\/v2\/pages\/652","targetHints":{"allow":["GET"]}}],"collection":[{"href":"https:\/\/www.sgs-sss.ch\/fr\/wp-json\/wp\/v2\/pages"}],"about":[{"href":"https:\/\/www.sgs-sss.ch\/fr\/wp-json\/wp\/v2\/types\/page"}],"author":[{"embeddable":true,"href":"https:\/\/www.sgs-sss.ch\/fr\/wp-json\/wp\/v2\/users\/1"}],"replies":[{"embeddable":true,"href":"https:\/\/www.sgs-sss.ch\/fr\/wp-json\/wp\/v2\/comments?post=652"}],"version-history":[{"count":7,"href":"https:\/\/www.sgs-sss.ch\/fr\/wp-json\/wp\/v2\/pages\/652\/revisions"}],"predecessor-version":[{"id":13276,"href":"https:\/\/www.sgs-sss.ch\/fr\/wp-json\/wp\/v2\/pages\/652\/revisions\/13276"}],"up":[{"embeddable":true,"href":"https:\/\/www.sgs-sss.ch\/fr\/wp-json\/wp\/v2\/pages\/655"}],"wp:attachment":[{"href":"https:\/\/www.sgs-sss.ch\/fr\/wp-json\/wp\/v2\/media?parent=652"}],"curies":[{"name":"wp","href":"https:\/\/api.w.org\/{rel}","templated":true}]}}

<style type="text/css" data-created_by="avia_inline_auto" id="style-css-av-av_section-fb37fa88fbca848c7e29aff3fecdfcf1">
.avia-section.av-av_section-fb37fa88fbca848c7e29aff3fecdfcf1{
background-color:#ffffff;
background-image:unset;
}
</style>
<div id='av_section_1'  class='avia-section av-av_section-fb37fa88fbca848c7e29aff3fecdfcf1 main_color avia-section-default avia-no-shadow  avia-builder-el-0  avia-builder-el-no-sibling  avia-bg-style-scroll container_wrap fullsize'  ><div class='container av-section-cont-open' ><main  role="main" itemprop="mainContentOfPage"  class='template-page content  av-content-full alpha units'><div class='post-entry post-entry-type-page post-entry-652'><div class='entry-content-wrapper clearfix'>

<style type="text/css" data-created_by="avia_inline_auto" id="style-css-av-av_heading-c6539c76096f03639aad52ed88d0055a">
#top .av-special-heading.av-av_heading-c6539c76096f03639aad52ed88d0055a{
padding-bottom:25px;
}
body .av-special-heading.av-av_heading-c6539c76096f03639aad52ed88d0055a .av-special-heading-tag .heading-char{
font-size:25px;
}
.av-special-heading.av-av_heading-c6539c76096f03639aad52ed88d0055a .av-subheading{
font-size:15px;
}
</style>
<div  class='av-special-heading av-av_heading-c6539c76096f03639aad52ed88d0055a av-special-heading-h2  avia-builder-el-1  el_before_av_one_full  avia-builder-el-first '><h2 class='av-special-heading-tag '  itemprop="headline"  >SOCIOLOGIE DES SPORTS</h2><div class="special-heading-border"><div class="special-heading-inner-border"></div></div></div>
<div class='flex_column_table av-av_one_full-637497d8078788bf7892f1875f6d3165 sc-av_one_full av-equal-height-column-flextable'>
<style type="text/css" data-created_by="avia_inline_auto" id="style-css-av-av_one_full-637497d8078788bf7892f1875f6d3165">
.flex_column.av-av_one_full-637497d8078788bf7892f1875f6d3165{
border-radius:0px 0px 0px 0px;
padding:20px 20px 20px 20px;
}
</style>
<div  class='flex_column av-av_one_full-637497d8078788bf7892f1875f6d3165 av_one_full  avia-builder-el-2  el_after_av_heading  avia-builder-el-last  first no_margin flex_column_table_cell av-equal-height-column av-align-top  '     ><section  class='av_textblock_section av-av_textblock-0366cc7376be6c9e82a3e9cc8987b64f '   itemscope="itemscope" itemtype="https://schema.org/CreativeWork" ><div class='avia_textblock'  itemprop="text" ><blockquote>
<h3><strong>Portrait </strong></h3>
<p>Le sport fait aujourd’hui partie intégrante de notre société. Environ trois quarts de la population résidante en Suisse pratiquent un sport, et quatre cinquièmes suivent les actualités sportives dans les médias. Synonyme de mouvement, de plaisir, de sociabilité et de divertissement, le sport renvoie aussi aux styles de vie, aux rites, au marché et aux affaires. En Suisse, le secteur du sport réalise un chiffre d’affaires global de 15 milliards de francs et une valeur ajoutée brute de 8 milliards. L’intérêt que la sociologie porte aujourd’hui au sport est le corollaire de ce développement.</p>
</blockquote>
</div></section><br />

<style type="text/css" data-created_by="avia_inline_auto" id="style-css-av-av_hr-bd84104f09c397338597807ab31c6aca">
#top .hr.hr-invisible.av-av_hr-bd84104f09c397338597807ab31c6aca{
height:15px;
}
</style>
<div  class='hr av-av_hr-bd84104f09c397338597807ab31c6aca hr-invisible  avia-builder-el-4  el_after_av_textblock  el_before_av_toggle_container '><span class='hr-inner '><span class="hr-inner-style"></span></span></div><br />
<div  class='togglecontainer av-av_toggle_container-1c5f05ce43bbf21457da42746a25c01a  avia-builder-el-5  el_after_av_hr  avia-builder-el-last ' >
<section class='av_toggle_section av-av_toggle-3f1e50b6d9d2a2fa76c42c9b403e52c1'  itemscope="itemscope" itemtype="https://schema.org/CreativeWork" ><div role="tablist" class="single_toggle" data-tags="{Tout} "  ><p id='toggle-toggle-id-1' data-fake-id='#toggle-id-1' class='toggler  activeTitle av-title-above '  itemprop="headline"  role='tab' tabindex='0' aria-controls='toggle-id-1' data-slide-speed="200" data-title="Comité de recherche Sociologie des Sports" data-title-open="" data-aria_collapsed="Cliquez pour étendre : Comité de recherche Sociologie des Sports" data-aria_expanded="Cliquez pour réduire : Comité de recherche Sociologie des Sports">Comité de recherche Sociologie des Sports<span class="toggle_icon"><span class="vert_icon"></span><span class="hor_icon"></span></span></p><div id='toggle-id-1' aria-labelledby='toggle-toggle-id-1' role='region' class='toggle_wrap  active_tc av-title-above' style='display:block;' ><div class='toggle_content invers-color '  itemprop="text" ><p>Lieu d’échanges, le Comité de recherche Sociologie des sports est un réseau de chercheurs en sciences sociales qui s’intéressent à divers titres aux conditions d’émergence et de production du sport ainsi qu’à ses effets sociaux. Il vise à promouvoir la recherche sociologique dans ce domaine en Suisse. A cette fin, il organise des colloques et des rencontres informelles et diffuse semestriellement un bulletin d’information. Afin de favoriser les échanges et faciliter les coopérations, il tient en outre un fichier dans lequel il recense les pôles d’intérêts et les domaines d’activités de ses membres.</p>
</div></div></div></section>
<section class='av_toggle_section av-av_toggle-ad33326257006fd98c1b46da5068ddc2'  itemscope="itemscope" itemtype="https://schema.org/CreativeWork" ><div role="tablist" class="single_toggle" data-tags="{Tout} "  ><p id='toggle-toggle-id-2' data-fake-id='#toggle-id-2' class='toggler  av-title-above '  itemprop="headline"  role='tab' tabindex='0' aria-controls='toggle-id-2' data-slide-speed="200" data-title="Adhésion " data-title-open="" data-aria_collapsed="Cliquez pour étendre : Adhésion " data-aria_expanded="Cliquez pour réduire : Adhésion ">Adhésion <span class="toggle_icon"><span class="vert_icon"></span><span class="hor_icon"></span></span></p><div id='toggle-id-2' aria-labelledby='toggle-toggle-id-2' role='region' class='toggle_wrap  av-title-above'  ><div class='toggle_content invers-color '  itemprop="text" ><p>L’adhésion au Comité de recherche Sociologie des sports est gratuite. Cependant, une inscription à la Société Suisse de Sociologie (SSS) est vivement souhaitée.</p>
</div></div></div></section>
<section class='av_toggle_section av-av_toggle-50b4aca28ac80b3c896cc5dde0ff0add'  itemscope="itemscope" itemtype="https://schema.org/CreativeWork" ><div role="tablist" class="single_toggle" data-tags="{Tout} "  ><p id='toggle-toggle-id-3' data-fake-id='#toggle-id-3' class='toggler  av-title-above '  itemprop="headline"  role='tab' tabindex='0' aria-controls='toggle-id-3' data-slide-speed="200" data-title=" Date de fondation " data-title-open="" data-aria_collapsed="Cliquez pour étendre :  Date de fondation " data-aria_expanded="Cliquez pour réduire :  Date de fondation "> Date de fondation <span class="toggle_icon"><span class="vert_icon"></span><span class="hor_icon"></span></span></p><div id='toggle-id-3' aria-labelledby='toggle-toggle-id-3' role='region' class='toggle_wrap  av-title-above'  ><div class='toggle_content invers-color '  itemprop="text" ><p>10 janvier 1992</p>
</div></div></div></section>
<section class='av_toggle_section av-av_toggle-d7b8c4dcdc86c2d17cf1263202228387'  itemscope="itemscope" itemtype="https://schema.org/CreativeWork" ><div role="tablist" class="single_toggle" data-tags="{Tout} "  ><p id='toggle-toggle-id-4' data-fake-id='#toggle-id-4' class='toggler  av-title-above '  itemprop="headline"  role='tab' tabindex='0' aria-controls='toggle-id-4' data-slide-speed="200" data-title="Membres" data-title-open="" data-aria_collapsed="Cliquez pour étendre : Membres" data-aria_expanded="Cliquez pour réduire : Membres">Membres<span class="toggle_icon"><span class="vert_icon"></span><span class="hor_icon"></span></span></p><div id='toggle-id-4' aria-labelledby='toggle-toggle-id-4' role='region' class='toggle_wrap  av-title-above'  ><div class='toggle_content invers-color '  itemprop="text" ><p>35</p>
</div></div></div></section>
<section class='av_toggle_section av-av_toggle-b62d78d4de250171d74d64dd8b153a1c'  itemscope="itemscope" itemtype="https://schema.org/CreativeWork" ><div role="tablist" class="single_toggle" data-tags="{Tout} "  ><p id='toggle-toggle-id-5' data-fake-id='#toggle-id-5' class='toggler  av-title-above '  itemprop="headline"  role='tab' tabindex='0' aria-controls='toggle-id-5' data-slide-speed="200" data-title=" Structure formelle" data-title-open="" data-aria_collapsed="Cliquez pour étendre :  Structure formelle" data-aria_expanded="Cliquez pour réduire :  Structure formelle"> Structure formelle<span class="toggle_icon"><span class="vert_icon"></span><span class="hor_icon"></span></span></p><div id='toggle-id-5' aria-labelledby='toggle-toggle-id-5' role='region' class='toggle_wrap  av-title-above'  ><div class='toggle_content invers-color '  itemprop="text" ><p>Markus Lamprecht officie en tant que coordinateur pour la Suisse alémanique, Monica Aceti pour la Suisse latine. Il n’existe pas d’autre structure formelle.</p>
</div></div></div></section>
<section class='av_toggle_section av-av_toggle-1bfdc42a6fcc39f8e9b9dcd562d131f9'  itemscope="itemscope" itemtype="https://schema.org/CreativeWork" ><div role="tablist" class="single_toggle" data-tags="{Tout} "  ><p id='toggle-toggle-id-6' data-fake-id='#toggle-id-6' class='toggler  av-title-above '  itemprop="headline"  role='tab' tabindex='0' aria-controls='toggle-id-6' data-slide-speed="200" data-title=" Coopérations avec d’autres organismes de recherche" data-title-open="" data-aria_collapsed="Cliquez pour étendre :  Coopérations avec d’autres organismes de recherche" data-aria_expanded="Cliquez pour réduire :  Coopérations avec d’autres organismes de recherche"> Coopérations avec d’autres organismes de recherche<span class="toggle_icon"><span class="vert_icon"></span><span class="hor_icon"></span></span></p><div id='toggle-id-6' aria-labelledby='toggle-toggle-id-6' role='region' class='toggle_wrap  av-title-above'  ><div class='toggle_content invers-color '  itemprop="text" ><p>Il existe des liens personnels étroits avec la Société suisse des sciences du sport (4S), la Société de sociologie du sport de langue française (3SLF), le Groupe de travail « sport » de l’Association internationale de sociologie de langue française (AISLF), l’Association internationale de sociologie du sport (ISSA/AISS) et la European Association for Sociology of Sport (EASS).</p>
</div></div></div></section>
<section class='av_toggle_section av-av_toggle-c25c036bfe9b105c10d147349529483e'  itemscope="itemscope" itemtype="https://schema.org/CreativeWork" ><div role="tablist" class="single_toggle" data-tags="{Tout} "  ><p id='toggle-toggle-id-7' data-fake-id='#toggle-id-7' class='toggler  av-title-above '  itemprop="headline"  role='tab' tabindex='0' aria-controls='toggle-id-7' data-slide-speed="200" data-title="Interlocuteurs" data-title-open="" data-aria_collapsed="Cliquez pour étendre : Interlocuteurs" data-aria_expanded="Cliquez pour réduire : Interlocuteurs">Interlocuteurs<span class="toggle_icon"><span class="vert_icon"></span><span class="hor_icon"></span></span></p><div id='toggle-id-7' aria-labelledby='toggle-toggle-id-7' role='region' class='toggle_wrap  av-title-above'  ><div class='toggle_content invers-color '  itemprop="text" ><p><strong> Markus Lamprecht</strong><br />
L&amp;S Sozialforschung und Beratung<br />
Forchstrasse 212<br />
8032 Zürich<br />
Tél. 044-260 67 60<br />
Fax 044-260 67 61</p>
<p><strong>Monica Aceti<br />
</strong>Université de Fribourg<br />
Unité des sciences du mouvement et du sport<br />
Bd de Pérolles 90<br />
CH-1700 Fribourg<br />
Tel. +41 78 751 39 31</p>
<p><a href="mailto:sports@sgs-sss.ch">sports@sgs-sss.ch</a></p>
</div></div></div></section>
</div></p></div></div><!--close column table wrapper. Autoclose: 1 -->
